{"id":1599,"date":"2018-11-05T15:21:44","date_gmt":"2018-11-05T15:21:44","guid":{"rendered":"https:\/\/www.japan-touch.com\/?page_id=1599"},"modified":"2022-08-29T10:42:44","modified_gmt":"2022-08-29T08:42:44","slug":"partenaires","status":"publish","type":"page","link":"https:\/\/www.japan-touch.com\/lyon\/partenaires\/","title":{"rendered":"PARTENAIRES"},"content":{"rendered":"<p>[vc_row][vc_column][postgallery_grid data_source=\u00a0\u00bbdata-9&Prime; images_attach=\u00a0\u00bb1600,1603,212,1604,214,1602,2044,2320&Prime; null=\u00a0\u00bb\u00a0\u00bb columnpadding=\u00a0\u00bbcolumn_padding_30&Prime;][\/vc_column][\/vc_row]<\/p>\n","protected":false},"excerpt":{"rendered":"<p>[vc_row][vc_column][postgallery_grid data_source=\u00a0\u00bbdata-9&Prime; images_attach=\u00a0\u00bb1600,1603,212,1604,214,1602,2044,2320&Prime; null=\u00a0\u00bb\u00a0\u00bb columnpadding=\u00a0\u00bbcolumn_padding_30&Prime;][\/vc_column][\/vc_row]<\/p>\n","protected":false},"author":1,"featured_media":0,"parent":0,"menu_order":0,"comment_status":"closed","ping_status":"closed","template":"","meta":{"_acf_changed":false,"_et_pb_use_builder":"","_et_pb_old_content":"","_et_gb_content_width":"","footnotes":""},"acf":[],"yoast_head":"<!-- This site is optimized with the Yoast SEO plugin v22.3 - https:\/\/yoast.com\/wordpress\/plugins\/seo\/ -->\n<title>PARTENAIRES - JAPAN TOUCH LYON<\/title>\n<meta name=\"description\" content=\"D\u00e9couvrez les partenaires de la JAPAN TOUCH \u00e0 Lyon Eurexpo, les 12 &amp; 13 novembre 2022 ? Retrouvez toutes les infos !\" \/>\n<meta name=\"robots\" content=\"index, follow, max-snippet:-1, max-image-preview:large, max-video-preview:-1\" \/>\n<link rel=\"canonical\" href=\"https:\/\/www.japan-touch.com\/lyon\/partenaires\/\" \/>\n<meta property=\"og:locale\" content=\"fr_FR\" \/>\n<meta property=\"og:type\" content=\"article\" \/>\n<meta property=\"og:title\" content=\"PARTENAIRES - JAPAN TOUCH LYON\" \/>\n<meta property=\"og:description\" content=\"D\u00e9couvrez les partenaires de la JAPAN TOUCH \u00e0 Lyon Eurexpo, les 12 &amp; 13 novembre 2022 ? Retrouvez toutes les infos !\" \/>\n<meta property=\"og:url\" content=\"https:\/\/www.japan-touch.com\/lyon\/partenaires\/\" \/>\n<meta property=\"og:site_name\" content=\"JAPAN TOUCH LYON\" \/>\n<meta property=\"article:modified_time\" content=\"2022-08-29T08:42:44+00:00\" \/>\n<meta name=\"twitter:card\" content=\"summary_large_image\" \/>\n<script type=\"application\/ld+json\" class=\"yoast-schema-graph\">{\"@context\":\"https:\/\/schema.org\",\"@graph\":[{\"@type\":\"WebPage\",\"@id\":\"https:\/\/www.japan-touch.com\/lyon\/partenaires\/\",\"url\":\"https:\/\/www.japan-touch.com\/lyon\/partenaires\/\",\"name\":\"PARTENAIRES - JAPAN TOUCH LYON\",\"isPartOf\":{\"@id\":\"https:\/\/www.japan-touch.com\/lyon\/#website\"},\"datePublished\":\"2018-11-05T15:21:44+00:00\",\"dateModified\":\"2022-08-29T08:42:44+00:00\",\"description\":\"D\u00e9couvrez les partenaires de la JAPAN TOUCH \u00e0 Lyon Eurexpo, les 12 & 13 novembre 2022 ? Retrouvez toutes les infos !\",\"breadcrumb\":{\"@id\":\"https:\/\/www.japan-touch.com\/lyon\/partenaires\/#breadcrumb\"},\"inLanguage\":\"fr-FR\",\"potentialAction\":[{\"@type\":\"ReadAction\",\"target\":[\"https:\/\/www.japan-touch.com\/lyon\/partenaires\/\"]}]},{\"@type\":\"BreadcrumbList\",\"@id\":\"https:\/\/www.japan-touch.com\/lyon\/partenaires\/#breadcrumb\",\"itemListElement\":[{\"@type\":\"ListItem\",\"position\":1,\"name\":\"Accueil\",\"item\":\"https:\/\/www.japan-touch.com\/lyon\/\"},{\"@type\":\"ListItem\",\"position\":2,\"name\":\"PARTENAIRES\"}]},{\"@type\":\"WebSite\",\"@id\":\"https:\/\/www.japan-touch.com\/lyon\/#website\",\"url\":\"https:\/\/www.japan-touch.com\/lyon\/\",\"name\":\"JAPAN TOUCH LYON\",\"description\":\"Pop culture, mode, invit\u00e9s, animations, bonsa\u00ef, arts et traditions, id\u00e9es cadeaux, bien-\u00eatre et voyages\u2026\",\"potentialAction\":[{\"@type\":\"SearchAction\",\"target\":{\"@type\":\"EntryPoint\",\"urlTemplate\":\"https:\/\/www.japan-touch.com\/lyon\/?s={search_term_string}\"},\"query-input\":\"required name=search_term_string\"}],\"inLanguage\":\"fr-FR\"}]}<\/script>\n<!-- \/ Yoast SEO plugin. -->","yoast_head_json":{"title":"PARTENAIRES - JAPAN TOUCH LYON","description":"D\u00e9couvrez les partenaires de la JAPAN TOUCH \u00e0 Lyon Eurexpo, les 12 & 13 novembre 2022 ? Retrouvez toutes les infos !","robots":{"index":"index","follow":"follow","max-snippet":"max-snippet:-1","max-image-preview":"max-image-preview:large","max-video-preview":"max-video-preview:-1"},"canonical":"https:\/\/www.japan-touch.com\/lyon\/partenaires\/","og_locale":"fr_FR","og_type":"article","og_title":"PARTENAIRES - JAPAN TOUCH LYON","og_description":"D\u00e9couvrez les partenaires de la JAPAN TOUCH \u00e0 Lyon Eurexpo, les 12 & 13 novembre 2022 ? Retrouvez toutes les infos !","og_url":"https:\/\/www.japan-touch.com\/lyon\/partenaires\/","og_site_name":"JAPAN TOUCH LYON","article_modified_time":"2022-08-29T08:42:44+00:00","twitter_card":"summary_large_image","schema":{"@context":"https:\/\/schema.org","@graph":[{"@type":"WebPage","@id":"https:\/\/www.japan-touch.com\/lyon\/partenaires\/","url":"https:\/\/www.japan-touch.com\/lyon\/partenaires\/","name":"PARTENAIRES - JAPAN TOUCH LYON","isPartOf":{"@id":"https:\/\/www.japan-touch.com\/lyon\/#website"},"datePublished":"2018-11-05T15:21:44+00:00","dateModified":"2022-08-29T08:42:44+00:00","description":"D\u00e9couvrez les partenaires de la JAPAN TOUCH \u00e0 Lyon Eurexpo, les 12 & 13 novembre 2022 ? Retrouvez toutes les infos !","breadcrumb":{"@id":"https:\/\/www.japan-touch.com\/lyon\/partenaires\/#breadcrumb"},"inLanguage":"fr-FR","potentialAction":[{"@type":"ReadAction","target":["https:\/\/www.japan-touch.com\/lyon\/partenaires\/"]}]},{"@type":"BreadcrumbList","@id":"https:\/\/www.japan-touch.com\/lyon\/partenaires\/#breadcrumb","itemListElement":[{"@type":"ListItem","position":1,"name":"Accueil","item":"https:\/\/www.japan-touch.com\/lyon\/"},{"@type":"ListItem","position":2,"name":"PARTENAIRES"}]},{"@type":"WebSite","@id":"https:\/\/www.japan-touch.com\/lyon\/#website","url":"https:\/\/www.japan-touch.com\/lyon\/","name":"JAPAN TOUCH LYON","description":"Pop culture, mode, invit\u00e9s, animations, bonsa\u00ef, arts et traditions, id\u00e9es cadeaux, bien-\u00eatre et voyages\u2026","potentialAction":[{"@type":"SearchAction","target":{"@type":"EntryPoint","urlTemplate":"https:\/\/www.japan-touch.com\/lyon\/?s={search_term_string}"},"query-input":"required name=search_term_string"}],"inLanguage":"fr-FR"}]}},"_links":{"self":[{"href":"https:\/\/www.japan-touch.com\/lyon\/wp-json\/wp\/v2\/pages\/1599"}],"collection":[{"href":"https:\/\/www.japan-touch.com\/lyon\/wp-json\/wp\/v2\/pages"}],"about":[{"href":"https:\/\/www.japan-touch.com\/lyon\/wp-json\/wp\/v2\/types\/page"}],"author":[{"embeddable":true,"href":"https:\/\/www.japan-touch.com\/lyon\/wp-json\/wp\/v2\/users\/1"}],"replies":[{"embeddable":true,"href":"https:\/\/www.japan-touch.com\/lyon\/wp-json\/wp\/v2\/comments?post=1599"}],"version-history":[{"count":5,"href":"https:\/\/www.japan-touch.com\/lyon\/wp-json\/wp\/v2\/pages\/1599\/revisions"}],"predecessor-version":[{"id":2427,"href":"https:\/\/www.japan-touch.com\/lyon\/wp-json\/wp\/v2\/pages\/1599\/revisions\/2427"}],"wp:attachment":[{"href":"https:\/\/www.japan-touch.com\/lyon\/wp-json\/wp\/v2\/media?parent=1599"}],"curies":[{"name":"wp","href":"https:\/\/api.w.org\/{rel}","templated":true}]}}