{"id":1398,"date":"2018-09-28T05:35:42","date_gmt":"2018-09-28T03:35:42","guid":{"rendered":"https:\/\/www.japan-touch.com\/?page_id=1398"},"modified":"2025-11-16T16:59:04","modified_gmt":"2025-11-16T15:59:04","slug":"programme","status":"publish","type":"page","link":"https:\/\/www.japan-touch.com\/lyon\/programme\/","title":{"rendered":"Programme de la Japan Touch"},"content":{"rendered":"<p>[et_pb_section fb_built=\u00a0\u00bb1&Prime; admin_label=\u00a0\u00bbsection\u00a0\u00bb _builder_version=\u00a0\u00bb4.24.0&Prime; _module_preset=\u00a0\u00bb69a7abf3-0514-4e9b-9005-6f10a51b0bef\u00a0\u00bb top_divider_style=\u00a0\u00bbnone\u00a0\u00bb top_divider_color=\u00a0\u00bbgcid-b60648f7-0b9c-493e-9d51-a759136d1f74&Prime; top_divider_style_tablet=\u00a0\u00bbnone\u00a0\u00bb top_divider_style_phone=\u00a0\u00bbnone\u00a0\u00bb top_divider_style_last_edited=\u00a0\u00bbon|tablet\u00a0\u00bb bottom_divider_style=\u00a0\u00bbnone\u00a0\u00bb bottom_divider_color=\u00a0\u00bbgcid-9e76ee09-5ec6-465b-9bb0-bbfd678e487f\u00a0\u00bb global_colors_info=\u00a0\u00bb{}\u00a0\u00bb][et_pb_row _builder_version=\u00a0\u00bb4.16&Prime; _module_preset=\u00a0\u00bbdefault\u00a0\u00bb custom_padding=\u00a0\u00bb||19px|||\u00a0\u00bb global_colors_info=\u00a0\u00bb{}\u00a0\u00bb][et_pb_column type=\u00a0\u00bb4_4&Prime; _builder_version=\u00a0\u00bb4.16&Prime; _module_preset=\u00a0\u00bbdefault\u00a0\u00bb global_colors_info=\u00a0\u00bb{}\u00a0\u00bb][et_pb_post_title meta=\u00a0\u00bboff\u00a0\u00bb featured_image=\u00a0\u00bboff\u00a0\u00bb admin_label=\u00a0\u00bbTitre du poste\u00a0\u00bb _builder_version=\u00a0\u00bb4.24.0&Prime; _module_preset=\u00a0\u00bbdefault\u00a0\u00bb custom_margin=\u00a0\u00bb||26px|||\u00a0\u00bb link_option_url=\u00a0\u00bbhttp:\/\/www.japan-touch.com\/lyon\/wp-content\/uploads\/sites\/11\/2021\/11\/ProgrammeJapanTouch_BD.pdf\u00a0\u00bb global_colors_info=\u00a0\u00bb{}\u00a0\u00bb][\/et_pb_post_title][et_pb_button button_url=\u00a0\u00bbhttp:\/\/www.japan-touch.com\/lyon\/wp-content\/uploads\/sites\/11\/2025\/11\/ProgrammeJapanTouch_BD-1.pdf\u00a0\u00bb url_new_window=\u00a0\u00bbon\u00a0\u00bb button_text=\u00a0\u00bbT\u00e9l\u00e9charger le programme au format pdf\u00a0\u00bb disabled_on=\u00a0\u00bboff|off|off\u00a0\u00bb _builder_version=\u00a0\u00bb4.24.0&Prime; _module_preset=\u00a0\u00bbdefault\u00a0\u00bb custom_button=\u00a0\u00bbon\u00a0\u00bb button_text_size=\u00a0\u00bb15px\u00a0\u00bb hover_enabled=\u00a0\u00bb0&Prime; global_colors_info=\u00a0\u00bb{}\u00a0\u00bb sticky_enabled=\u00a0\u00bb0&Prime;][\/et_pb_button][et_pb_image src=\u00a0\u00bbhttp:\/\/www.japan-touch.com\/lyon\/wp-content\/uploads\/sites\/11\/2025\/11\/ProgrammeJapanTouch_SAMEDI1.png\u00a0\u00bb title_text=\u00a0\u00bbProgrammeJapanTouch_SAMEDI1&Prime; align=\u00a0\u00bbcenter\u00a0\u00bb _builder_version=\u00a0\u00bb4.24.0&Prime; _module_preset=\u00a0\u00bbdefault\u00a0\u00bb module_alignment=\u00a0\u00bbcenter\u00a0\u00bb global_colors_info=\u00a0\u00bb{}\u00a0\u00bb][\/et_pb_image][et_pb_image src=\u00a0\u00bbhttp:\/\/www.japan-touch.com\/lyon\/wp-content\/uploads\/sites\/11\/2025\/11\/ProgrammeJapanTouch_SAMEDI2.jpg\u00a0\u00bb title_text=\u00a0\u00bbProgrammeJapanTouch_SAMEDI2&Prime; align=\u00a0\u00bbcenter\u00a0\u00bb _builder_version=\u00a0\u00bb4.24.0&Prime; _module_preset=\u00a0\u00bbdefault\u00a0\u00bb module_alignment=\u00a0\u00bbcenter\u00a0\u00bb global_colors_info=\u00a0\u00bb{}\u00a0\u00bb][\/et_pb_image][et_pb_image src=\u00a0\u00bbhttp:\/\/www.japan-touch.com\/lyon\/wp-content\/uploads\/sites\/11\/2025\/11\/ProgrammeJapanTouch_DIMANCHE1.jpg\u00a0\u00bb title_text=\u00a0\u00bbProgrammeJapanTouch_DIMANCHE1&Prime; align=\u00a0\u00bbcenter\u00a0\u00bb _builder_version=\u00a0\u00bb4.24.0&Prime; _module_preset=\u00a0\u00bbdefault\u00a0\u00bb module_alignment=\u00a0\u00bbcenter\u00a0\u00bb global_colors_info=\u00a0\u00bb{}\u00a0\u00bb][\/et_pb_image][et_pb_image src=\u00a0\u00bbhttp:\/\/www.japan-touch.com\/lyon\/wp-content\/uploads\/sites\/11\/2025\/11\/ProgrammeJapanTouch_DIMANCHE5.jpg\u00a0\u00bb title_text=\u00a0\u00bbProgrammeJapanTouch_DIMANCHE5&Prime; align=\u00a0\u00bbcenter\u00a0\u00bb _builder_version=\u00a0\u00bb4.24.0&Prime; _module_preset=\u00a0\u00bbdefault\u00a0\u00bb module_alignment=\u00a0\u00bbcenter\u00a0\u00bb global_colors_info=\u00a0\u00bb{}\u00a0\u00bb][\/et_pb_image][et_pb_image src=\u00a0\u00bbhttp:\/\/www.japan-touch.com\/lyon\/wp-content\/uploads\/sites\/11\/2025\/11\/ProgrammeJapanTouch6-DEDICACES.jpg\u00a0\u00bb title_text=\u00a0\u00bbProgrammeJapanTouch6-DEDICACES\u00a0\u00bb align=\u00a0\u00bbcenter\u00a0\u00bb _builder_version=\u00a0\u00bb4.24.0&Prime; _module_preset=\u00a0\u00bbdefault\u00a0\u00bb module_alignment=\u00a0\u00bbcenter\u00a0\u00bb global_colors_info=\u00a0\u00bb{}\u00a0\u00bb][\/et_pb_image][et_pb_image src=\u00a0\u00bbhttp:\/\/www.japan-touch.com\/lyon\/wp-content\/uploads\/sites\/11\/2025\/11\/ProgrammeJapanTouch6-DEDICACES2.jpg\u00a0\u00bb title_text=\u00a0\u00bbProgrammeJapanTouch6-DEDICACES2&Prime; align=\u00a0\u00bbcenter\u00a0\u00bb _builder_version=\u00a0\u00bb4.24.0&Prime; _module_preset=\u00a0\u00bbdefault\u00a0\u00bb module_alignment=\u00a0\u00bbcenter\u00a0\u00bb global_colors_info=\u00a0\u00bb{}\u00a0\u00bb][\/et_pb_image][\/et_pb_column][\/et_pb_row][\/et_pb_section]<\/p>\n","protected":false},"excerpt":{"rendered":"<p>T\u00e9l\u00e9chargez le en cliquant ici<\/p>\n","protected":false},"author":1,"featured_media":3898,"parent":0,"menu_order":0,"comment_status":"closed","ping_status":"closed","template":"","meta":{"_acf_changed":false,"_et_pb_use_builder":"on","_et_pb_old_content":"[vc_row][vc_column][vc_column_text][vc_icon icon_fontawesome=\"fa fa-download\" background_color=\"custom\" align=\"left\"]<a href=\"https:\/\/www.japan-touch.com\/toulouse\/wp-content\/uploads\/sites\/3\/2019\/11\/Programme_V4b-2.pdf\"><strong>T\u00e9l\u00e9charger le programme au format pdf<\/strong><\/a>[\/vc_column_text][\/vc_column][\/vc_row][vc_row][vc_column][vc_single_image image=\"2311\" img_size=\"full\"][vc_single_image image=\"2312\" img_size=\"full\"][vc_single_image image=\"2313\" img_size=\"full\"][vc_single_image image=\"2307\" img_size=\"full\"][vc_single_image image=\"2308\" img_size=\"full\"][vc_single_image image=\"2309\" img_size=\"full\"][vc_single_image image=\"2305\" img_size=\"full\"][vc_single_image image=\"2306\" img_size=\"full\"][\/vc_column][\/vc_row]","_et_gb_content_width":"","footnotes":""},"acf":[],"yoast_head":"<!-- This site is optimized with the Yoast SEO plugin v22.3 - https:\/\/yoast.com\/wordpress\/plugins\/seo\/ -->\n<title>Programme de la Japan Touch - JAPAN TOUCH LYON<\/title>\n<meta name=\"description\" content=\"D\u00e9couvrez le programme de la JAPAN TOUCH : ateliers, concerts, concours... les 12 et 13 novembre 2022 \u00e0 Lyon Eurexpo\u00a0\" \/>\n<meta name=\"robots\" content=\"index, follow, max-snippet:-1, max-image-preview:large, max-video-preview:-1\" \/>\n<link rel=\"canonical\" href=\"https:\/\/www.japan-touch.com\/lyon\/programme\/\" \/>\n<meta property=\"og:locale\" content=\"fr_FR\" \/>\n<meta property=\"og:type\" content=\"article\" \/>\n<meta property=\"og:title\" content=\"Programme de la Japan Touch - JAPAN TOUCH LYON\" \/>\n<meta property=\"og:description\" content=\"D\u00e9couvrez le programme de la JAPAN TOUCH : ateliers, concerts, concours... les 12 et 13 novembre 2022 \u00e0 Lyon Eurexpo\u00a0\" \/>\n<meta property=\"og:url\" content=\"https:\/\/www.japan-touch.com\/lyon\/programme\/\" \/>\n<meta property=\"og:site_name\" content=\"JAPAN TOUCH LYON\" \/>\n<meta property=\"article:modified_time\" content=\"2025-11-16T15:59:04+00:00\" \/>\n<meta property=\"og:image\" content=\"http:\/\/www.japan-touch.com\/lyon\/wp-content\/uploads\/sites\/11\/2024\/09\/JapanTouchHD_V3.jpg\" \/>\n\t<meta property=\"og:image:width\" content=\"1000\" \/>\n\t<meta property=\"og:image:height\" content=\"1500\" \/>\n\t<meta property=\"og:image:type\" content=\"image\/jpeg\" \/>\n<meta name=\"twitter:card\" content=\"summary_large_image\" \/>\n<meta name=\"twitter:label1\" content=\"Dur\u00e9e de lecture estim\u00e9e\" \/>\n\t<meta name=\"twitter:data1\" content=\"2 minutes\" \/>\n<script type=\"application\/ld+json\" class=\"yoast-schema-graph\">{\"@context\":\"https:\/\/schema.org\",\"@graph\":[{\"@type\":\"WebPage\",\"@id\":\"https:\/\/www.japan-touch.com\/lyon\/programme\/\",\"url\":\"https:\/\/www.japan-touch.com\/lyon\/programme\/\",\"name\":\"Programme de la Japan Touch - JAPAN TOUCH LYON\",\"isPartOf\":{\"@id\":\"https:\/\/www.japan-touch.com\/lyon\/#website\"},\"primaryImageOfPage\":{\"@id\":\"https:\/\/www.japan-touch.com\/lyon\/programme\/#primaryimage\"},\"image\":{\"@id\":\"https:\/\/www.japan-touch.com\/lyon\/programme\/#primaryimage\"},\"thumbnailUrl\":\"https:\/\/www.japan-touch.com\/lyon\/wp-content\/uploads\/sites\/11\/2024\/09\/JapanTouchHD_V3.jpg\",\"datePublished\":\"2018-09-28T03:35:42+00:00\",\"dateModified\":\"2025-11-16T15:59:04+00:00\",\"description\":\"D\u00e9couvrez le programme de la JAPAN TOUCH : ateliers, concerts, concours... les 12 et 13 novembre 2022 \u00e0 Lyon Eurexpo\u00a0\",\"breadcrumb\":{\"@id\":\"https:\/\/www.japan-touch.com\/lyon\/programme\/#breadcrumb\"},\"inLanguage\":\"fr-FR\",\"potentialAction\":[{\"@type\":\"ReadAction\",\"target\":[\"https:\/\/www.japan-touch.com\/lyon\/programme\/\"]}]},{\"@type\":\"ImageObject\",\"inLanguage\":\"fr-FR\",\"@id\":\"https:\/\/www.japan-touch.com\/lyon\/programme\/#primaryimage\",\"url\":\"https:\/\/www.japan-touch.com\/lyon\/wp-content\/uploads\/sites\/11\/2024\/09\/JapanTouchHD_V3.jpg\",\"contentUrl\":\"https:\/\/www.japan-touch.com\/lyon\/wp-content\/uploads\/sites\/11\/2024\/09\/JapanTouchHD_V3.jpg\",\"width\":1000,\"height\":1500},{\"@type\":\"BreadcrumbList\",\"@id\":\"https:\/\/www.japan-touch.com\/lyon\/programme\/#breadcrumb\",\"itemListElement\":[{\"@type\":\"ListItem\",\"position\":1,\"name\":\"Accueil\",\"item\":\"https:\/\/www.japan-touch.com\/lyon\/\"},{\"@type\":\"ListItem\",\"position\":2,\"name\":\"Programme de la Japan Touch\"}]},{\"@type\":\"WebSite\",\"@id\":\"https:\/\/www.japan-touch.com\/lyon\/#website\",\"url\":\"https:\/\/www.japan-touch.com\/lyon\/\",\"name\":\"JAPAN TOUCH LYON\",\"description\":\"Pop culture, mode, invit\u00e9s, animations, bonsa\u00ef, arts et traditions, id\u00e9es cadeaux, bien-\u00eatre et voyages\u2026\",\"potentialAction\":[{\"@type\":\"SearchAction\",\"target\":{\"@type\":\"EntryPoint\",\"urlTemplate\":\"https:\/\/www.japan-touch.com\/lyon\/?s={search_term_string}\"},\"query-input\":\"required name=search_term_string\"}],\"inLanguage\":\"fr-FR\"}]}<\/script>\n<!-- \/ Yoast SEO plugin. -->","yoast_head_json":{"title":"Programme de la Japan Touch - JAPAN TOUCH LYON","description":"D\u00e9couvrez le programme de la JAPAN TOUCH : ateliers, concerts, concours... les 12 et 13 novembre 2022 \u00e0 Lyon Eurexpo\u00a0","robots":{"index":"index","follow":"follow","max-snippet":"max-snippet:-1","max-image-preview":"max-image-preview:large","max-video-preview":"max-video-preview:-1"},"canonical":"https:\/\/www.japan-touch.com\/lyon\/programme\/","og_locale":"fr_FR","og_type":"article","og_title":"Programme de la Japan Touch - JAPAN TOUCH LYON","og_description":"D\u00e9couvrez le programme de la JAPAN TOUCH : ateliers, concerts, concours... les 12 et 13 novembre 2022 \u00e0 Lyon Eurexpo\u00a0","og_url":"https:\/\/www.japan-touch.com\/lyon\/programme\/","og_site_name":"JAPAN TOUCH LYON","article_modified_time":"2025-11-16T15:59:04+00:00","og_image":[{"width":1000,"height":1500,"url":"http:\/\/www.japan-touch.com\/lyon\/wp-content\/uploads\/sites\/11\/2024\/09\/JapanTouchHD_V3.jpg","type":"image\/jpeg"}],"twitter_card":"summary_large_image","twitter_misc":{"Dur\u00e9e de lecture estim\u00e9e":"2 minutes"},"schema":{"@context":"https:\/\/schema.org","@graph":[{"@type":"WebPage","@id":"https:\/\/www.japan-touch.com\/lyon\/programme\/","url":"https:\/\/www.japan-touch.com\/lyon\/programme\/","name":"Programme de la Japan Touch - JAPAN TOUCH LYON","isPartOf":{"@id":"https:\/\/www.japan-touch.com\/lyon\/#website"},"primaryImageOfPage":{"@id":"https:\/\/www.japan-touch.com\/lyon\/programme\/#primaryimage"},"image":{"@id":"https:\/\/www.japan-touch.com\/lyon\/programme\/#primaryimage"},"thumbnailUrl":"https:\/\/www.japan-touch.com\/lyon\/wp-content\/uploads\/sites\/11\/2024\/09\/JapanTouchHD_V3.jpg","datePublished":"2018-09-28T03:35:42+00:00","dateModified":"2025-11-16T15:59:04+00:00","description":"D\u00e9couvrez le programme de la JAPAN TOUCH : ateliers, concerts, concours... les 12 et 13 novembre 2022 \u00e0 Lyon Eurexpo\u00a0","breadcrumb":{"@id":"https:\/\/www.japan-touch.com\/lyon\/programme\/#breadcrumb"},"inLanguage":"fr-FR","potentialAction":[{"@type":"ReadAction","target":["https:\/\/www.japan-touch.com\/lyon\/programme\/"]}]},{"@type":"ImageObject","inLanguage":"fr-FR","@id":"https:\/\/www.japan-touch.com\/lyon\/programme\/#primaryimage","url":"https:\/\/www.japan-touch.com\/lyon\/wp-content\/uploads\/sites\/11\/2024\/09\/JapanTouchHD_V3.jpg","contentUrl":"https:\/\/www.japan-touch.com\/lyon\/wp-content\/uploads\/sites\/11\/2024\/09\/JapanTouchHD_V3.jpg","width":1000,"height":1500},{"@type":"BreadcrumbList","@id":"https:\/\/www.japan-touch.com\/lyon\/programme\/#breadcrumb","itemListElement":[{"@type":"ListItem","position":1,"name":"Accueil","item":"https:\/\/www.japan-touch.com\/lyon\/"},{"@type":"ListItem","position":2,"name":"Programme de la Japan Touch"}]},{"@type":"WebSite","@id":"https:\/\/www.japan-touch.com\/lyon\/#website","url":"https:\/\/www.japan-touch.com\/lyon\/","name":"JAPAN TOUCH LYON","description":"Pop culture, mode, invit\u00e9s, animations, bonsa\u00ef, arts et traditions, id\u00e9es cadeaux, bien-\u00eatre et voyages\u2026","potentialAction":[{"@type":"SearchAction","target":{"@type":"EntryPoint","urlTemplate":"https:\/\/www.japan-touch.com\/lyon\/?s={search_term_string}"},"query-input":"required name=search_term_string"}],"inLanguage":"fr-FR"}]}},"_links":{"self":[{"href":"https:\/\/www.japan-touch.com\/lyon\/wp-json\/wp\/v2\/pages\/1398"}],"collection":[{"href":"https:\/\/www.japan-touch.com\/lyon\/wp-json\/wp\/v2\/pages"}],"about":[{"href":"https:\/\/www.japan-touch.com\/lyon\/wp-json\/wp\/v2\/types\/page"}],"author":[{"embeddable":true,"href":"https:\/\/www.japan-touch.com\/lyon\/wp-json\/wp\/v2\/users\/1"}],"replies":[{"embeddable":true,"href":"https:\/\/www.japan-touch.com\/lyon\/wp-json\/wp\/v2\/comments?post=1398"}],"version-history":[{"count":64,"href":"https:\/\/www.japan-touch.com\/lyon\/wp-json\/wp\/v2\/pages\/1398\/revisions"}],"predecessor-version":[{"id":4493,"href":"https:\/\/www.japan-touch.com\/lyon\/wp-json\/wp\/v2\/pages\/1398\/revisions\/4493"}],"wp:featuredmedia":[{"embeddable":true,"href":"https:\/\/www.japan-touch.com\/lyon\/wp-json\/wp\/v2\/media\/3898"}],"wp:attachment":[{"href":"https:\/\/www.japan-touch.com\/lyon\/wp-json\/wp\/v2\/media?parent=1398"}],"curies":[{"name":"wp","href":"https:\/\/api.w.org\/{rel}","templated":true}]}}