{"id":27,"date":"2018-01-05T16:20:15","date_gmt":"2018-01-05T15:20:15","guid":{"rendered":"http:\/\/geektouch-festival.com\/2018\/?page_id=19"},"modified":"2026-04-20T17:28:30","modified_gmt":"2026-04-20T15:28:30","slug":"decouvrez-programme-de-japan-touch-haru","status":"publish","type":"page","link":"https:\/\/www.japan-touch.com\/haru\/decouvrez-programme-de-japan-touch-haru\/","title":{"rendered":"D\u00e9couvrez le PROGRAMME de la JAPAN TOUCH HARU"},"content":{"rendered":"<p>[et_pb_section fb_built=\u00a0\u00bb1&Prime; admin_label=\u00a0\u00bbsection\u00a0\u00bb _builder_version=\u00a0\u00bb4.24.2&Prime; _module_preset=\u00a0\u00bbd1bd76d6-bef5-4f39-9d36-cc14431aaf18&Prime; custom_padding=\u00a0\u00bb||21px|||\u00a0\u00bb top_divider_style=\u00a0\u00bbnone\u00a0\u00bb top_divider_color=\u00a0\u00bb#0C71C3&Prime; top_divider_style_tablet=\u00a0\u00bbwave\u00a0\u00bb top_divider_style_phone=\u00a0\u00bbwave\u00a0\u00bb global_colors_info=\u00a0\u00bb{}\u00a0\u00bb][et_pb_row _builder_version=\u00a0\u00bb4.20.1&Prime; _module_preset=\u00a0\u00bb1fc469a7-5dd7-427c-aca9-e26bc3325ac3&Prime; background_color=\u00a0\u00bb#FFFFFF\u00a0\u00bb custom_padding=\u00a0\u00bb||9px|||\u00a0\u00bb global_colors_info=\u00a0\u00bb{}\u00a0\u00bb][et_pb_column type=\u00a0\u00bb4_4&Prime; _builder_version=\u00a0\u00bb4.20.1&Prime; _module_preset=\u00a0\u00bbdefault\u00a0\u00bb global_colors_info=\u00a0\u00bb{}\u00a0\u00bb][et_pb_post_title meta=\u00a0\u00bboff\u00a0\u00bb featured_image=\u00a0\u00bboff\u00a0\u00bb _builder_version=\u00a0\u00bb4.24.0&Prime; _module_preset=\u00a0\u00bbdefault\u00a0\u00bb custom_margin=\u00a0\u00bb||9px|||\u00a0\u00bb hover_enabled=\u00a0\u00bb0&Prime; global_colors_info=\u00a0\u00bb{}\u00a0\u00bb sticky_enabled=\u00a0\u00bb0&Prime;][\/et_pb_post_title][et_pb_button button_url=\u00a0\u00bbhttps:\/\/www.japan-touch.com\/haru\/wp-content\/uploads\/sites\/8\/2025\/05\/Programme-JTHGT-2025.pdf\u00a0\u00bb button_text=\u00a0\u00bbT\u00e9l\u00e9chargez le programme en pdf\u00a0\u00bb disabled_on=\u00a0\u00bbon|on|on\u00a0\u00bb _builder_version=\u00a0\u00bb4.24.0&Prime; _module_preset=\u00a0\u00bbdefault\u00a0\u00bb custom_button=\u00a0\u00bbon\u00a0\u00bb button_text_size=\u00a0\u00bb18px\u00a0\u00bb disabled=\u00a0\u00bbon\u00a0\u00bb global_colors_info=\u00a0\u00bb{}\u00a0\u00bb][\/et_pb_button][et_pb_text _builder_version=\u00a0\u00bb4.24.0&Prime; _module_preset=\u00a0\u00bbdefault\u00a0\u00bb hover_enabled=\u00a0\u00bb0&Prime; sticky_enabled=\u00a0\u00bb0&Prime;]<\/p>\n<h3><strong>PLANNING SCENE<\/strong><\/h3>\n<p>[\/et_pb_text][\/et_pb_column][\/et_pb_row][et_pb_row column_structure=\u00a0\u00bb1_2,1_2&Prime; _builder_version=\u00a0\u00bb4.24.0&Prime; _module_preset=\u00a0\u00bbdefault\u00a0\u00bb global_colors_info=\u00a0\u00bb{}\u00a0\u00bb][et_pb_column type=\u00a0\u00bb1_2&Prime; _builder_version=\u00a0\u00bb4.24.0&Prime; _module_preset=\u00a0\u00bbdefault\u00a0\u00bb global_colors_info=\u00a0\u00bb{}\u00a0\u00bb][et_pb_image src=\u00a0\u00bbhttps:\/\/www.japan-touch.com\/haru\/wp-content\/uploads\/sites\/8\/2026\/04\/PLANNING-SCENE-SAMEDI-1.png\u00a0\u00bb title_text=\u00a0\u00bbPLANNING SCENE SAMEDI\u00a0\u00bb _builder_version=\u00a0\u00bb4.24.0&Prime; _module_preset=\u00a0\u00bbdefault\u00a0\u00bb global_colors_info=\u00a0\u00bb{}\u00a0\u00bb][\/et_pb_image][\/et_pb_column][et_pb_column type=\u00a0\u00bb1_2&Prime; _builder_version=\u00a0\u00bb4.24.0&Prime; _module_preset=\u00a0\u00bbdefault\u00a0\u00bb global_colors_info=\u00a0\u00bb{}\u00a0\u00bb][et_pb_image src=\u00a0\u00bbhttps:\/\/www.japan-touch.com\/haru\/wp-content\/uploads\/sites\/8\/2026\/04\/PLANNING-SCENE-DIMANCHE.png\u00a0\u00bb title_text=\u00a0\u00bbPLANNING SCENE DIMANCHE\u00a0\u00bb _builder_version=\u00a0\u00bb4.24.0&Prime; _module_preset=\u00a0\u00bbdefault\u00a0\u00bb global_colors_info=\u00a0\u00bb{}\u00a0\u00bb][\/et_pb_image][\/et_pb_column][\/et_pb_row][\/et_pb_section][et_pb_section fb_built=\u00a0\u00bb1&Prime; _builder_version=\u00a0\u00bb4.24.0&Prime; _module_preset=\u00a0\u00bbdefault\u00a0\u00bb global_colors_info=\u00a0\u00bb{}\u00a0\u00bb][et_pb_row _builder_version=\u00a0\u00bb4.24.0&Prime; _module_preset=\u00a0\u00bbdefault\u00a0\u00bb][et_pb_column _builder_version=\u00a0\u00bb4.24.0&Prime; _module_preset=\u00a0\u00bbdefault\u00a0\u00bb type=\u00a0\u00bb4_4&Prime;][et_pb_text _builder_version=\u00a0\u00bb4.24.0&Prime; _module_preset=\u00a0\u00bbdefault\u00a0\u00bb hover_enabled=\u00a0\u00bb0&Prime; sticky_enabled=\u00a0\u00bb0&Prime;]<\/p>\n<h3><strong>PLANNING DEDICACES<\/strong><\/h3>\n<p>[\/et_pb_text][\/et_pb_column][\/et_pb_row][et_pb_row column_structure=\u00a0\u00bb1_4,1_4,1_4,1_4&Prime; _builder_version=\u00a0\u00bb4.24.0&Prime; _module_preset=\u00a0\u00bbdefault\u00a0\u00bb global_colors_info=\u00a0\u00bb{}\u00a0\u00bb][et_pb_column type=\u00a0\u00bb1_4&Prime; _builder_version=\u00a0\u00bb4.24.0&Prime; _module_preset=\u00a0\u00bbdefault\u00a0\u00bb global_colors_info=\u00a0\u00bb{}\u00a0\u00bb][et_pb_image src=\u00a0\u00bbhttps:\/\/www.japan-touch.com\/haru\/wp-content\/uploads\/sites\/8\/2026\/04\/01.png\u00a0\u00bb title_text=\u00a0\u00bb01&Prime; _builder_version=\u00a0\u00bb4.24.0&Prime; _module_preset=\u00a0\u00bbdefault\u00a0\u00bb global_colors_info=\u00a0\u00bb{}\u00a0\u00bb][\/et_pb_image][\/et_pb_column][et_pb_column type=\u00a0\u00bb1_4&Prime; _builder_version=\u00a0\u00bb4.24.0&Prime; _module_preset=\u00a0\u00bbdefault\u00a0\u00bb global_colors_info=\u00a0\u00bb{}\u00a0\u00bb][et_pb_image src=\u00a0\u00bbhttps:\/\/www.japan-touch.com\/haru\/wp-content\/uploads\/sites\/8\/2026\/04\/02-1.png\u00a0\u00bb title_text=\u00a0\u00bb02 (1)\u00a0\u00bb _builder_version=\u00a0\u00bb4.24.0&Prime; _module_preset=\u00a0\u00bbdefault\u00a0\u00bb global_colors_info=\u00a0\u00bb{}\u00a0\u00bb][\/et_pb_image][\/et_pb_column][et_pb_column type=\u00a0\u00bb1_4&Prime; _builder_version=\u00a0\u00bb4.24.0&Prime; _module_preset=\u00a0\u00bbdefault\u00a0\u00bb global_colors_info=\u00a0\u00bb{}\u00a0\u00bb][et_pb_image src=\u00a0\u00bbhttps:\/\/www.japan-touch.com\/haru\/wp-content\/uploads\/sites\/8\/2026\/04\/03.png\u00a0\u00bb title_text=\u00a0\u00bb03&Prime; _builder_version=\u00a0\u00bb4.24.0&Prime; _module_preset=\u00a0\u00bbdefault\u00a0\u00bb global_colors_info=\u00a0\u00bb{}\u00a0\u00bb][\/et_pb_image][\/et_pb_column][et_pb_column type=\u00a0\u00bb1_4&Prime; _builder_version=\u00a0\u00bb4.24.0&Prime; _module_preset=\u00a0\u00bbdefault\u00a0\u00bb global_colors_info=\u00a0\u00bb{}\u00a0\u00bb][et_pb_image src=\u00a0\u00bbhttps:\/\/www.japan-touch.com\/haru\/wp-content\/uploads\/sites\/8\/2026\/04\/04.png\u00a0\u00bb title_text=\u00a0\u00bb04&Prime; _builder_version=\u00a0\u00bb4.24.0&Prime; _module_preset=\u00a0\u00bbdefault\u00a0\u00bb global_colors_info=\u00a0\u00bb{}\u00a0\u00bb][\/et_pb_image][\/et_pb_column][\/et_pb_row][\/et_pb_section]<\/p>\n","protected":false},"excerpt":{"rendered":"<p>PLANNING SCENEPLANNING DEDICACES<\/p>\n","protected":false},"author":1,"featured_media":0,"parent":0,"menu_order":0,"comment_status":"closed","ping_status":"closed","template":"","meta":{"_acf_changed":false,"_et_pb_use_builder":"on","_et_pb_old_content":"<p>[vc_row][vc_column][vc_column_text]<a title=\"T\u00e9l\u00e9chargez le programme au format pdf\" href=\"https:\/\/www.japan-touch.com\/haru\/wp-content\/uploads\/sites\/8\/2022\/04\/Programme-JTHGT-2022_BD.pdf\" target=\"_blank\" rel=\"noopener noreferrer\"><i class=\"fa-solid fa-download\"><\/i> <strong>T\u00e9l\u00e9chargez le programme au format pdf<\/strong><\/a><\/p>\r\n<h2><span class=\"highlight one\">Samedi 7 mai<\/span><\/h2>\r\n<p>[\/vc_column_text][postgallery_grid data_source=\"data-9\" images_attach=\"1358,1357\" null=\"\" content_type=\"image\" img_size=\"full\" lightbox=\"yes\" columns=\"1\"][vc_column_text css=\".vc_custom_1650792980827{margin-top: 20px !important;}\"]<\/p>\r\n<h2><span class=\"highlight one\">Dimanche 8 mai<\/span><\/h2>\r\n<p>[\/vc_column_text][postgallery_grid data_source=\"data-9\" images_attach=\"1356,1355\" null=\"\" content_type=\"image\" img_size=\"full\" lightbox=\"yes\" columns=\"1\"][\/vc_column][\/vc_row]<\/p>\r\n","_et_gb_content_width":"","footnotes":""},"acf":[],"yoast_head":"<!-- This site is optimized with the Yoast SEO plugin v22.3 - https:\/\/yoast.com\/wordpress\/plugins\/seo\/ -->\n<title>D\u00e9couvrez le PROGRAMME de la JAPAN TOUCH HARU - JAPAN TOUCH Haru<\/title>\n<meta name=\"description\" content=\"D\u00e9couvrez le programme de la JAPAN TOUCH HARU et du GEEKTOUCH \u00e0 Lyon Eurexpo. Animations, invit\u00e9s,... horaires et infos. Programme en PDF !\" \/>\n<meta name=\"robots\" content=\"index, follow, max-snippet:-1, max-image-preview:large, max-video-preview:-1\" \/>\n<link rel=\"canonical\" href=\"https:\/\/www.japan-touch.com\/haru\/decouvrez-programme-de-japan-touch-haru\/\" \/>\n<meta property=\"og:locale\" content=\"fr_FR\" \/>\n<meta property=\"og:type\" content=\"article\" \/>\n<meta property=\"og:title\" content=\"D\u00e9couvrez le PROGRAMME de la JAPAN TOUCH HARU - JAPAN TOUCH Haru\" \/>\n<meta property=\"og:description\" content=\"D\u00e9couvrez le programme de la JAPAN TOUCH HARU et du GEEKTOUCH \u00e0 Lyon Eurexpo. Animations, invit\u00e9s,... horaires et infos. Programme en PDF !\" \/>\n<meta property=\"og:url\" content=\"https:\/\/www.japan-touch.com\/haru\/decouvrez-programme-de-japan-touch-haru\/\" \/>\n<meta property=\"og:site_name\" content=\"JAPAN TOUCH Haru\" \/>\n<meta property=\"article:modified_time\" content=\"2026-04-20T15:28:30+00:00\" \/>\n<meta name=\"twitter:card\" content=\"summary_large_image\" \/>\n<meta name=\"twitter:label1\" content=\"Dur\u00e9e de lecture estim\u00e9e\" \/>\n\t<meta name=\"twitter:data1\" content=\"1 minute\" \/>\n<script type=\"application\/ld+json\" class=\"yoast-schema-graph\">{\"@context\":\"https:\/\/schema.org\",\"@graph\":[{\"@type\":\"WebPage\",\"@id\":\"https:\/\/www.japan-touch.com\/haru\/decouvrez-programme-de-japan-touch-haru\/\",\"url\":\"https:\/\/www.japan-touch.com\/haru\/decouvrez-programme-de-japan-touch-haru\/\",\"name\":\"D\u00e9couvrez le PROGRAMME de la JAPAN TOUCH HARU - JAPAN TOUCH Haru\",\"isPartOf\":{\"@id\":\"https:\/\/www.japan-touch.com\/haru\/#website\"},\"datePublished\":\"2018-01-05T15:20:15+00:00\",\"dateModified\":\"2026-04-20T15:28:30+00:00\",\"description\":\"D\u00e9couvrez le programme de la JAPAN TOUCH HARU et du GEEKTOUCH \u00e0 Lyon Eurexpo. Animations, invit\u00e9s,... horaires et infos. Programme en PDF !\",\"breadcrumb\":{\"@id\":\"https:\/\/www.japan-touch.com\/haru\/decouvrez-programme-de-japan-touch-haru\/#breadcrumb\"},\"inLanguage\":\"fr-FR\",\"potentialAction\":[{\"@type\":\"ReadAction\",\"target\":[\"https:\/\/www.japan-touch.com\/haru\/decouvrez-programme-de-japan-touch-haru\/\"]}]},{\"@type\":\"BreadcrumbList\",\"@id\":\"https:\/\/www.japan-touch.com\/haru\/decouvrez-programme-de-japan-touch-haru\/#breadcrumb\",\"itemListElement\":[{\"@type\":\"ListItem\",\"position\":1,\"name\":\"Accueil\",\"item\":\"https:\/\/www.japan-touch.com\/haru\/\"},{\"@type\":\"ListItem\",\"position\":2,\"name\":\"D\u00e9couvrez le PROGRAMME de la JAPAN TOUCH HARU\"}]},{\"@type\":\"WebSite\",\"@id\":\"https:\/\/www.japan-touch.com\/haru\/#website\",\"url\":\"https:\/\/www.japan-touch.com\/haru\/\",\"name\":\"JAPAN TOUCH Haru\",\"description\":\"17 et 18 mai 2025\",\"potentialAction\":[{\"@type\":\"SearchAction\",\"target\":{\"@type\":\"EntryPoint\",\"urlTemplate\":\"https:\/\/www.japan-touch.com\/haru\/?s={search_term_string}\"},\"query-input\":\"required name=search_term_string\"}],\"inLanguage\":\"fr-FR\"}]}<\/script>\n<!-- \/ Yoast SEO plugin. -->","yoast_head_json":{"title":"D\u00e9couvrez le PROGRAMME de la JAPAN TOUCH HARU - JAPAN TOUCH Haru","description":"D\u00e9couvrez le programme de la JAPAN TOUCH HARU et du GEEKTOUCH \u00e0 Lyon Eurexpo. Animations, invit\u00e9s,... horaires et infos. Programme en PDF !","robots":{"index":"index","follow":"follow","max-snippet":"max-snippet:-1","max-image-preview":"max-image-preview:large","max-video-preview":"max-video-preview:-1"},"canonical":"https:\/\/www.japan-touch.com\/haru\/decouvrez-programme-de-japan-touch-haru\/","og_locale":"fr_FR","og_type":"article","og_title":"D\u00e9couvrez le PROGRAMME de la JAPAN TOUCH HARU - JAPAN TOUCH Haru","og_description":"D\u00e9couvrez le programme de la JAPAN TOUCH HARU et du GEEKTOUCH \u00e0 Lyon Eurexpo. Animations, invit\u00e9s,... horaires et infos. Programme en PDF !","og_url":"https:\/\/www.japan-touch.com\/haru\/decouvrez-programme-de-japan-touch-haru\/","og_site_name":"JAPAN TOUCH Haru","article_modified_time":"2026-04-20T15:28:30+00:00","twitter_card":"summary_large_image","twitter_misc":{"Dur\u00e9e de lecture estim\u00e9e":"1 minute"},"schema":{"@context":"https:\/\/schema.org","@graph":[{"@type":"WebPage","@id":"https:\/\/www.japan-touch.com\/haru\/decouvrez-programme-de-japan-touch-haru\/","url":"https:\/\/www.japan-touch.com\/haru\/decouvrez-programme-de-japan-touch-haru\/","name":"D\u00e9couvrez le PROGRAMME de la JAPAN TOUCH HARU - JAPAN TOUCH Haru","isPartOf":{"@id":"https:\/\/www.japan-touch.com\/haru\/#website"},"datePublished":"2018-01-05T15:20:15+00:00","dateModified":"2026-04-20T15:28:30+00:00","description":"D\u00e9couvrez le programme de la JAPAN TOUCH HARU et du GEEKTOUCH \u00e0 Lyon Eurexpo. Animations, invit\u00e9s,... horaires et infos. Programme en PDF !","breadcrumb":{"@id":"https:\/\/www.japan-touch.com\/haru\/decouvrez-programme-de-japan-touch-haru\/#breadcrumb"},"inLanguage":"fr-FR","potentialAction":[{"@type":"ReadAction","target":["https:\/\/www.japan-touch.com\/haru\/decouvrez-programme-de-japan-touch-haru\/"]}]},{"@type":"BreadcrumbList","@id":"https:\/\/www.japan-touch.com\/haru\/decouvrez-programme-de-japan-touch-haru\/#breadcrumb","itemListElement":[{"@type":"ListItem","position":1,"name":"Accueil","item":"https:\/\/www.japan-touch.com\/haru\/"},{"@type":"ListItem","position":2,"name":"D\u00e9couvrez le PROGRAMME de la JAPAN TOUCH HARU"}]},{"@type":"WebSite","@id":"https:\/\/www.japan-touch.com\/haru\/#website","url":"https:\/\/www.japan-touch.com\/haru\/","name":"JAPAN TOUCH Haru","description":"17 et 18 mai 2025","potentialAction":[{"@type":"SearchAction","target":{"@type":"EntryPoint","urlTemplate":"https:\/\/www.japan-touch.com\/haru\/?s={search_term_string}"},"query-input":"required name=search_term_string"}],"inLanguage":"fr-FR"}]}},"_links":{"self":[{"href":"https:\/\/www.japan-touch.com\/haru\/wp-json\/wp\/v2\/pages\/27"}],"collection":[{"href":"https:\/\/www.japan-touch.com\/haru\/wp-json\/wp\/v2\/pages"}],"about":[{"href":"https:\/\/www.japan-touch.com\/haru\/wp-json\/wp\/v2\/types\/page"}],"author":[{"embeddable":true,"href":"https:\/\/www.japan-touch.com\/haru\/wp-json\/wp\/v2\/users\/1"}],"replies":[{"embeddable":true,"href":"https:\/\/www.japan-touch.com\/haru\/wp-json\/wp\/v2\/comments?post=27"}],"version-history":[{"count":27,"href":"https:\/\/www.japan-touch.com\/haru\/wp-json\/wp\/v2\/pages\/27\/revisions"}],"predecessor-version":[{"id":246075,"href":"https:\/\/www.japan-touch.com\/haru\/wp-json\/wp\/v2\/pages\/27\/revisions\/246075"}],"wp:attachment":[{"href":"https:\/\/www.japan-touch.com\/haru\/wp-json\/wp\/v2\/media?parent=27"}],"curies":[{"name":"wp","href":"https:\/\/api.w.org\/{rel}","templated":true}]}}