{"id":15,"date":"2021-06-06T10:08:18","date_gmt":"2021-06-06T08:08:18","guid":{"rendered":"https:\/\/www.japan-touch.com\/brest\/?page_id=15"},"modified":"2025-06-08T10:10:47","modified_gmt":"2025-06-08T08:10:47","slug":"informations-pratiques","status":"publish","type":"page","link":"https:\/\/www.japan-touch.com\/brest\/informations-pratiques\/","title":{"rendered":"Informations pratiques"},"content":{"rendered":"<p>[et_pb_section fb_built=\u00a0\u00bb1&Prime; _builder_version=\u00a0\u00bb4.16&Prime; global_colors_info=\u00a0\u00bb{}\u00a0\u00bb][et_pb_row _builder_version=\u00a0\u00bb4.16&Prime; global_colors_info=\u00a0\u00bb{}\u00a0\u00bb][et_pb_column type=\u00a0\u00bb4_4&Prime; _builder_version=\u00a0\u00bb4.16&Prime; global_colors_info=\u00a0\u00bb{}\u00a0\u00bb][et_pb_text _builder_version=\u00a0\u00bb4.16&Prime; quote_font_size=\u00a0\u00bb16px\u00a0\u00bb global_colors_info=\u00a0\u00bb{}\u00a0\u00bb]<\/p>\n<h1>Informations Pratiques<\/h1>\n<blockquote>\n<p><strong>Cours Dajot, \u00e0 l\u2019ombre des platanes, en plein c\u0153ur de ville avec vue \u00e9poustouflante sur la rade de Brest, particuli\u00e8rement bien desservi par les moyens de transports en commun, et proche de parkings.<\/strong><\/p>\n<\/blockquote>\n<h2>Entr\u00e9e gratuite !<\/h2>\n<p>[\/et_pb_text][\/et_pb_column][\/et_pb_row][et_pb_row column_structure=\u00a0\u00bb1_2,1_2&Prime; _builder_version=\u00a0\u00bb4.16&Prime; global_colors_info=\u00a0\u00bb{}\u00a0\u00bb][et_pb_column type=\u00a0\u00bb1_2&Prime; _builder_version=\u00a0\u00bb4.16&Prime; use_background_color_gradient=\u00a0\u00bbon\u00a0\u00bb background_color_gradient_direction=\u00a0\u00bb151deg\u00a0\u00bb background_color_gradient_stops=\u00a0\u00bbrgba(172,224,249,0.49) 0%|#fff1eb 100%\u00a0\u00bb background_color_gradient_start=\u00a0\u00bbrgba(172,224,249,0.49)\u00a0\u00bb background_color_gradient_end=\u00a0\u00bb#fff1eb\u00a0\u00bb custom_padding=\u00a0\u00bb1em|1em|1em|1em|true|true\u00a0\u00bb animation_style=\u00a0\u00bbslide\u00a0\u00bb animation_direction=\u00a0\u00bbleft\u00a0\u00bb border_color_all=\u00a0\u00bb#d81e50&Prime; box_shadow_style=\u00a0\u00bbpreset3&Prime; global_colors_info=\u00a0\u00bb{}\u00a0\u00bb][et_pb_text _builder_version=\u00a0\u00bb4.24.0&Prime; global_colors_info=\u00a0\u00bb{}\u00a0\u00bb]<\/p>\n<h2><i class=\"fas fa-clock fa-1x\" aria-hidden=\"true\"><\/i> HORAIRES<\/h2>\n<p>Samedi 28 juin 2025 : 11h &#8211; 20h<br \/>Dimanche 29 juin 2025 : 11h &#8211; 19h<\/p>\n<p>&nbsp;<\/p>\n<h2><i class=\"fas fa-rocket fa-1x\" aria-hidden=\"true\"><\/i> ACCESSIBILIT\u00c9<\/h2>\n<h3>Comment venir au Tokyo market Brest ?<\/h3>\n<p><i class=\"fas fa-wheelchair fa-2x\" aria-hidden=\"true\"><\/i> Accessible aux personnes a\u0300 mobilite\u0301 re\u0301duite.<\/p>\n<p><i class=\"fas fa-car fa-2x\" aria-hidden=\"true\"><\/i>\u00a0en <strong>voiture :<\/strong>\u00a0le cours Dajot est a\u0300 3 min du centre-ville, 4 min de la gare et 15 min de l\u2019ae\u0301roport.<\/p>\n<p><i class=\"fas fa-subway fa-2x\" aria-hidden=\"true\"><\/i><span>\u00a0tram : Tram A<\/span><\/p>\n<p><i class=\"fas fa-bus fa-2x\" aria-hidden=\"true\"><\/i><span>\u00a0<\/span><strong><span class=\"highlight one\">bus<\/span><span>\u00a0:\u00a0n\u00b02, 5, 23, 29, 31 et 90<\/span><\/strong><\/p>\n<p><i class=\"fas fa-bicycle fa-2x\" aria-hidden=\"true\"><\/i><strong> V\u00e9lo :\u00a0<span>Ve\u0301loZef<\/span><\/strong><\/p>\n<p>&nbsp;<\/p>\n<h2><i class=\"fas fa-home fa-1x\" aria-hidden=\"true\"><\/i> SE LOGER<\/h2>\n<p><a href=\"http:\/\/www.japan-touch.com\/brest\/wp-content\/uploads\/sites\/13\/2025\/06\/Hebergements-TM-Brest-2025.pdf\">Liste des h\u00f4tels \u00e0 proximit\u00e9 au format PDF<\/a><\/p>\n<p>&nbsp;<\/p>\n<h2><i class=\"fas fa-utensils fa-1x\" aria-hidden=\"true\"><\/i> SE RESTAURER<\/h2>\n<p>Quatre restaurants japonais ainsi qu\u2019un stand de Bubble Tea (m\u00e9lange de th\u00e9 et de lait parfum\u00e9 d\u2019un sirop de fruit) vous accueillent en continu de 11h \u00e0 20h samedi et de 11h \u00e0 19h dimanche.<\/p>\n<p>[\/et_pb_text][\/et_pb_column][et_pb_column type=\u00a0\u00bb1_2&Prime; _builder_version=\u00a0\u00bb4.16&Prime; animation_style=\u00a0\u00bbfade\u00a0\u00bb animation_duration=\u00a0\u00bb750ms\u00a0\u00bb global_colors_info=\u00a0\u00bb{}\u00a0\u00bb][et_pb_text _builder_version=\u00a0\u00bb4.16&Prime; global_colors_info=\u00a0\u00bb{}\u00a0\u00bb][\/et_pb_text][et_pb_image src=\u00a0\u00bbhttp:\/\/www.japan-touch.com\/brest\/wp-content\/uploads\/sites\/13\/2021\/06\/plan-brest.jpg\u00a0\u00bb title_text=\u00a0\u00bbplan-brest\u00a0\u00bb _builder_version=\u00a0\u00bb4.16&Prime; global_colors_info=\u00a0\u00bb{}\u00a0\u00bb][\/et_pb_image][\/et_pb_column][\/et_pb_row][\/et_pb_section]<\/p>\n","protected":false},"excerpt":{"rendered":"<p>Informations Pratiques Cours Dajot, \u00e0 l\u2019ombre des platanes, en plein c\u0153ur de ville avec vue \u00e9poustouflante sur la rade de Brest, particuli\u00e8rement bien desservi par les moyens de transports en commun, et proche de parkings. Entr\u00e9e gratuite ! HORAIRES Samedi 28 juin 2025 : 11h &#8211; 20hDimanche 29 juin 2025 : 11h &#8211; 19h &nbsp; [&hellip;]<\/p>\n","protected":false},"author":1,"featured_media":0,"parent":0,"menu_order":0,"comment_status":"closed","ping_status":"closed","template":"","meta":{"_acf_changed":false,"_et_pb_use_builder":"on","_et_pb_old_content":"","_et_gb_content_width":"","footnotes":""},"acf":[],"yoast_head":"<!-- This site is optimized with the Yoast SEO plugin v22.3 - https:\/\/yoast.com\/wordpress\/plugins\/seo\/ -->\n<title>Informations pratiques - Tokyo market Brest<\/title>\n<meta name=\"robots\" content=\"index, follow, max-snippet:-1, max-image-preview:large, max-video-preview:-1\" \/>\n<link rel=\"canonical\" href=\"https:\/\/www.japan-touch.com\/brest\/informations-pratiques\/\" \/>\n<meta property=\"og:locale\" content=\"fr_FR\" \/>\n<meta property=\"og:type\" content=\"article\" \/>\n<meta property=\"og:title\" content=\"Informations pratiques - Tokyo market Brest\" \/>\n<meta property=\"og:description\" content=\"Informations Pratiques Cours Dajot, \u00e0 l\u2019ombre des platanes, en plein c\u0153ur de ville avec vue \u00e9poustouflante sur la rade de Brest, particuli\u00e8rement bien desservi par les moyens de transports en commun, et proche de parkings. Entr\u00e9e gratuite ! HORAIRES Samedi 28 juin 2025 : 11h - 20hDimanche 29 juin 2025 : 11h - 19h &nbsp; [&hellip;]\" \/>\n<meta property=\"og:url\" content=\"https:\/\/www.japan-touch.com\/brest\/informations-pratiques\/\" \/>\n<meta property=\"og:site_name\" content=\"Tokyo market Brest\" \/>\n<meta property=\"article:modified_time\" content=\"2025-06-08T08:10:47+00:00\" \/>\n<meta name=\"twitter:card\" content=\"summary_large_image\" \/>\n<meta name=\"twitter:label1\" content=\"Dur\u00e9e de lecture estim\u00e9e\" \/>\n\t<meta name=\"twitter:data1\" content=\"2 minutes\" \/>\n<script type=\"application\/ld+json\" class=\"yoast-schema-graph\">{\"@context\":\"https:\/\/schema.org\",\"@graph\":[{\"@type\":\"WebPage\",\"@id\":\"https:\/\/www.japan-touch.com\/brest\/informations-pratiques\/\",\"url\":\"https:\/\/www.japan-touch.com\/brest\/informations-pratiques\/\",\"name\":\"Informations pratiques - Tokyo market Brest\",\"isPartOf\":{\"@id\":\"https:\/\/www.japan-touch.com\/brest\/#website\"},\"datePublished\":\"2021-06-06T08:08:18+00:00\",\"dateModified\":\"2025-06-08T08:10:47+00:00\",\"breadcrumb\":{\"@id\":\"https:\/\/www.japan-touch.com\/brest\/informations-pratiques\/#breadcrumb\"},\"inLanguage\":\"fr-FR\",\"potentialAction\":[{\"@type\":\"ReadAction\",\"target\":[\"https:\/\/www.japan-touch.com\/brest\/informations-pratiques\/\"]}]},{\"@type\":\"BreadcrumbList\",\"@id\":\"https:\/\/www.japan-touch.com\/brest\/informations-pratiques\/#breadcrumb\",\"itemListElement\":[{\"@type\":\"ListItem\",\"position\":1,\"name\":\"Accueil\",\"item\":\"https:\/\/www.japan-touch.com\/brest\/\"},{\"@type\":\"ListItem\",\"position\":2,\"name\":\"Informations pratiques\"}]},{\"@type\":\"WebSite\",\"@id\":\"https:\/\/www.japan-touch.com\/brest\/#website\",\"url\":\"https:\/\/www.japan-touch.com\/brest\/\",\"name\":\"Tokyo market Brest\",\"description\":\"Japan Touch \u00e0 Brest\",\"potentialAction\":[{\"@type\":\"SearchAction\",\"target\":{\"@type\":\"EntryPoint\",\"urlTemplate\":\"https:\/\/www.japan-touch.com\/brest\/?s={search_term_string}\"},\"query-input\":\"required name=search_term_string\"}],\"inLanguage\":\"fr-FR\"}]}<\/script>\n<!-- \/ Yoast SEO plugin. -->","yoast_head_json":{"title":"Informations pratiques - Tokyo market Brest","robots":{"index":"index","follow":"follow","max-snippet":"max-snippet:-1","max-image-preview":"max-image-preview:large","max-video-preview":"max-video-preview:-1"},"canonical":"https:\/\/www.japan-touch.com\/brest\/informations-pratiques\/","og_locale":"fr_FR","og_type":"article","og_title":"Informations pratiques - Tokyo market Brest","og_description":"Informations Pratiques Cours Dajot, \u00e0 l\u2019ombre des platanes, en plein c\u0153ur de ville avec vue \u00e9poustouflante sur la rade de Brest, particuli\u00e8rement bien desservi par les moyens de transports en commun, et proche de parkings. Entr\u00e9e gratuite ! HORAIRES Samedi 28 juin 2025 : 11h - 20hDimanche 29 juin 2025 : 11h - 19h &nbsp; [&hellip;]","og_url":"https:\/\/www.japan-touch.com\/brest\/informations-pratiques\/","og_site_name":"Tokyo market Brest","article_modified_time":"2025-06-08T08:10:47+00:00","twitter_card":"summary_large_image","twitter_misc":{"Dur\u00e9e de lecture estim\u00e9e":"2 minutes"},"schema":{"@context":"https:\/\/schema.org","@graph":[{"@type":"WebPage","@id":"https:\/\/www.japan-touch.com\/brest\/informations-pratiques\/","url":"https:\/\/www.japan-touch.com\/brest\/informations-pratiques\/","name":"Informations pratiques - Tokyo market Brest","isPartOf":{"@id":"https:\/\/www.japan-touch.com\/brest\/#website"},"datePublished":"2021-06-06T08:08:18+00:00","dateModified":"2025-06-08T08:10:47+00:00","breadcrumb":{"@id":"https:\/\/www.japan-touch.com\/brest\/informations-pratiques\/#breadcrumb"},"inLanguage":"fr-FR","potentialAction":[{"@type":"ReadAction","target":["https:\/\/www.japan-touch.com\/brest\/informations-pratiques\/"]}]},{"@type":"BreadcrumbList","@id":"https:\/\/www.japan-touch.com\/brest\/informations-pratiques\/#breadcrumb","itemListElement":[{"@type":"ListItem","position":1,"name":"Accueil","item":"https:\/\/www.japan-touch.com\/brest\/"},{"@type":"ListItem","position":2,"name":"Informations pratiques"}]},{"@type":"WebSite","@id":"https:\/\/www.japan-touch.com\/brest\/#website","url":"https:\/\/www.japan-touch.com\/brest\/","name":"Tokyo market Brest","description":"Japan Touch \u00e0 Brest","potentialAction":[{"@type":"SearchAction","target":{"@type":"EntryPoint","urlTemplate":"https:\/\/www.japan-touch.com\/brest\/?s={search_term_string}"},"query-input":"required name=search_term_string"}],"inLanguage":"fr-FR"}]}},"_links":{"self":[{"href":"https:\/\/www.japan-touch.com\/brest\/wp-json\/wp\/v2\/pages\/15"}],"collection":[{"href":"https:\/\/www.japan-touch.com\/brest\/wp-json\/wp\/v2\/pages"}],"about":[{"href":"https:\/\/www.japan-touch.com\/brest\/wp-json\/wp\/v2\/types\/page"}],"author":[{"embeddable":true,"href":"https:\/\/www.japan-touch.com\/brest\/wp-json\/wp\/v2\/users\/1"}],"replies":[{"embeddable":true,"href":"https:\/\/www.japan-touch.com\/brest\/wp-json\/wp\/v2\/comments?post=15"}],"version-history":[{"count":23,"href":"https:\/\/www.japan-touch.com\/brest\/wp-json\/wp\/v2\/pages\/15\/revisions"}],"predecessor-version":[{"id":685,"href":"https:\/\/www.japan-touch.com\/brest\/wp-json\/wp\/v2\/pages\/15\/revisions\/685"}],"wp:attachment":[{"href":"https:\/\/www.japan-touch.com\/brest\/wp-json\/wp\/v2\/media?parent=15"}],"curies":[{"name":"wp","href":"https:\/\/api.w.org\/{rel}","templated":true}]}}

<p>[et_pb_section fb_built= »1&Prime; _builder_version= »4.16&Prime; global_colors_info= »{} »][et_pb_row _builder_version= »4.16&Prime; global_colors_info= »{} »][et_pb_column type= »4_4&Prime; _builder_version= »4.16&Prime; global_colors_info= »{} »][et_pb_text _builder_version= »4.16&Prime; quote_font_size= »16px » global_colors_info= »{} »]</p>
<h1>Informations Pratiques</h1>
<blockquote>
<p><strong>Cours Dajot, à l’ombre des platanes, en plein cœur de ville avec vue époustouflante sur la rade de Brest, particulièrement bien desservi par les moyens de transports en commun, et proche de parkings.</strong></p>
</blockquote>
<h2>Entrée gratuite !</h2>
<p>[/et_pb_text][/et_pb_column][/et_pb_row][et_pb_row column_structure= »1_2,1_2&Prime; _builder_version= »4.16&Prime; global_colors_info= »{} »][et_pb_column type= »1_2&Prime; _builder_version= »4.16&Prime; use_background_color_gradient= »on » background_color_gradient_direction= »151deg » background_color_gradient_stops= »rgba(172,224,249,0.49) 0%|#fff1eb 100% » background_color_gradient_start= »rgba(172,224,249,0.49) » background_color_gradient_end= »#fff1eb » custom_padding= »1em|1em|1em|1em|true|true » animation_style= »slide » animation_direction= »left » border_color_all= »#d81e50&Prime; box_shadow_style= »preset3&Prime; global_colors_info= »{} »][et_pb_text _builder_version= »4.24.0&Prime; global_colors_info= »{} »]</p>
<h2><i class="fas fa-clock fa-1x" aria-hidden="true"></i> HORAIRES</h2>
<p>Samedi 28 juin 2025 : 11h &#8211; 20h<br />Dimanche 29 juin 2025 : 11h &#8211; 19h</p>
<p>&nbsp;</p>
<h2><i class="fas fa-rocket fa-1x" aria-hidden="true"></i> ACCESSIBILITÉ</h2>
<h3>Comment venir au Tokyo market Brest ?</h3>
<p><i class="fas fa-wheelchair fa-2x" aria-hidden="true"></i> Accessible aux personnes à mobilité réduite.</p>
<p><i class="fas fa-car fa-2x" aria-hidden="true"></i> en <strong>voiture :</strong> le cours Dajot est à 3 min du centre-ville, 4 min de la gare et 15 min de l’aéroport.</p>
<p><i class="fas fa-subway fa-2x" aria-hidden="true"></i><span> tram : Tram A</span></p>
<p><i class="fas fa-bus fa-2x" aria-hidden="true"></i><span> </span><strong><span class="highlight one">bus</span><span> : n°2, 5, 23, 29, 31 et 90</span></strong></p>
<p><i class="fas fa-bicycle fa-2x" aria-hidden="true"></i><strong> Vélo : <span>VéloZef</span></strong></p>
<p>&nbsp;</p>
<h2><i class="fas fa-home fa-1x" aria-hidden="true"></i> SE LOGER</h2>
<p><a href="http://www.japan-touch.com/brest/wp-content/uploads/sites/13/2025/06/Hebergements-TM-Brest-2025.pdf">Liste des hôtels à proximité au format PDF</a></p>
<p>&nbsp;</p>
<h2><i class="fas fa-utensils fa-1x" aria-hidden="true"></i> SE RESTAURER</h2>
<p>Quatre restaurants japonais ainsi qu’un stand de Bubble Tea (mélange de thé et de lait parfumé d’un sirop de fruit) vous accueillent en continu de 11h à 20h samedi et de 11h à 19h dimanche.</p>
<p>[/et_pb_text][/et_pb_column][et_pb_column type= »1_2&Prime; _builder_version= »4.16&Prime; animation_style= »fade » animation_duration= »750ms » global_colors_info= »{} »][et_pb_text _builder_version= »4.16&Prime; global_colors_info= »{} »][/et_pb_text][et_pb_image src= »http://www.japan-touch.com/brest/wp-content/uploads/sites/13/2021/06/plan-brest.jpg » title_text= »plan-brest » _builder_version= »4.16&Prime; global_colors_info= »{} »][/et_pb_image][/et_pb_column][/et_pb_row][/et_pb_section]</p>

<p>Informations Pratiques Cours Dajot, à l’ombre des platanes, en plein cœur de ville avec vue époustouflante sur la rade de Brest, particulièrement bien desservi par les moyens de transports en commun, et proche de parkings. Entrée gratuite ! HORAIRES Samedi 28 juin 2025 : 11h &#8211; 20hDimanche 29 juin 2025 : 11h &#8211; 19h &nbsp; [&hellip;]</p>

<!-- This site is optimized with the Yoast SEO plugin v22.3 - https://yoast.com/wordpress/plugins/seo/ -->
<title>Informations pratiques - Tokyo market Brest</title>
<meta name="robots" content="index, follow, max-snippet:-1, max-image-preview:large, max-video-preview:-1" />
<link rel="canonical" href="https://www.japan-touch.com/brest/informations-pratiques/" />
<meta property="og:locale" content="fr_FR" />
<meta property="og:type" content="article" />
<meta property="og:title" content="Informations pratiques - Tokyo market Brest" />
<meta property="og:description" content="Informations Pratiques Cours Dajot, à l’ombre des platanes, en plein cœur de ville avec vue époustouflante sur la rade de Brest, particulièrement bien desservi par les moyens de transports en commun, et proche de parkings. Entrée gratuite ! HORAIRES Samedi 28 juin 2025 : 11h - 20hDimanche 29 juin 2025 : 11h - 19h &nbsp; [&hellip;]" />
<meta property="og:url" content="https://www.japan-touch.com/brest/informations-pratiques/" />
<meta property="og:site_name" content="Tokyo market Brest" />
<meta property="article:modified_time" content="2025-06-08T08:10:47+00:00" />
<meta name="twitter:card" content="summary_large_image" />
<meta name="twitter:label1" content="Durée de lecture estimée" />
	<meta name="twitter:data1" content="2 minutes" />
<script type="application/ld+json" class="yoast-schema-graph">{"@context":"https://schema.org","@graph":[{"@type":"WebPage","@id":"https://www.japan-touch.com/brest/informations-pratiques/","url":"https://www.japan-touch.com/brest/informations-pratiques/","name":"Informations pratiques - Tokyo market Brest","isPartOf":{"@id":"https://www.japan-touch.com/brest/#website"},"datePublished":"2021-06-06T08:08:18+00:00","dateModified":"2025-06-08T08:10:47+00:00","breadcrumb":{"@id":"https://www.japan-touch.com/brest/informations-pratiques/#breadcrumb"},"inLanguage":"fr-FR","potentialAction":[{"@type":"ReadAction","target":["https://www.japan-touch.com/brest/informations-pratiques/"]}]},{"@type":"BreadcrumbList","@id":"https://www.japan-touch.com/brest/informations-pratiques/#breadcrumb","itemListElement":[{"@type":"ListItem","position":1,"name":"Accueil","item":"https://www.japan-touch.com/brest/"},{"@type":"ListItem","position":2,"name":"Informations pratiques"}]},{"@type":"WebSite","@id":"https://www.japan-touch.com/brest/#website","url":"https://www.japan-touch.com/brest/","name":"Tokyo market Brest","description":"Japan Touch à Brest","potentialAction":[{"@type":"SearchAction","target":{"@type":"EntryPoint","urlTemplate":"https://www.japan-touch.com/brest/?s={search_term_string}"},"query-input":"required name=search_term_string"}],"inLanguage":"fr-FR"}]}</script>
<!-- / Yoast SEO plugin. -->

Informations Pratiques Cours Dajot, à l’ombre des platanes, en plein cœur de ville avec vue époustouflante sur la rade de Brest, particulièrement bien desservi par les moyens de transports en commun, et proche de parkings. Entrée gratuite ! HORAIRES Samedi 28 juin 2025 : 11h - 20hDimanche 29 juin 2025 : 11h - 19h &nbsp; [&hellip;]

Japan Touch à Brest
